{"id":4683,"date":"2025-04-16T06:18:30","date_gmt":"2025-04-16T04:18:30","guid":{"rendered":"https:\/\/brussels.diamondleague.com\/?page_id=4683"},"modified":"2026-09-01T10:57:27","modified_gmt":"2026-09-01T08:57:27","slug":"historique","status":"publish","type":"page","link":"https:\/\/brussels.diamondleague.com\/fr\/infos\/historique\/","title":{"rendered":"Historique"},"content":{"rendered":"\n<h2 class=\"wp-block-heading\"><\/h2>\n\n\n\n<p><strong>La premi\u00e8re \u00e9dition du M\u00e9morial Van Damme a eu lieu le 16 ao\u00fbt 1977. Ce qui avait commenc\u00e9 comme un meeting comm\u00e9moratif unique en hommage \u00e0 une ic\u00f4ne de l\u2019athl\u00e9tisme belge disparue beaucoup trop t\u00f4t est devenu l\u2019un des \u00e9v\u00e9nements d\u2019athl\u00e9tisme les plus prestigieux au monde.<\/strong><\/p>\n\n\n\n<p>Avant m\u00eame de remporter deux m\u00e9dailles olympiques \u00e0 Montr\u00e9al en 1976, Ivo Van Damme avait plaid\u00e9 aupr\u00e8s de plusieurs journalistes belges en faveur de l\u2019organisation d\u2019un grand meeting international d\u2019athl\u00e9tisme \u00e0 Bruxelles. Selon lui, les athl\u00e8tes belges devaient eux aussi avoir la possibilit\u00e9 de se mesurer \u00e0 l\u2019\u00e9lite mondiale devant leur propre public. L\u2019id\u00e9e a progressivement pris forme durant l\u2019hiver 1975-1976, mais Ivo ne verra malheureusement jamais sa concr\u00e9tisation.<\/p>\n\n\n\n<p>Lors de ses fun\u00e9railles, alors qu\u2019Ivo \u00e9tait d\u00e9c\u00e9d\u00e9 le 29 d\u00e9cembre 1976 \u00e0 l\u2019\u00e2ge de 22 ans dans un accident de la route, les initiateurs du projet se retrouv\u00e8rent \u00e0 nouveau. Ils d\u00e9cid\u00e8rent d\u2019organiser un meeting comm\u00e9moratif unique en son honneur. Cette premi\u00e8re soir\u00e9e, au stade du Heysel de l\u2019\u00e9poque, le 16 ao\u00fbt 1977, d\u00e9passa toutes les attentes. Les tribunes se remplirent, l\u2019ambiance fut exceptionnelle et les athl\u00e8tes se surpass\u00e8rent pour Ivo. Il devint rapidement \u00e9vident que l\u2019aventure ne s\u2019arr\u00eaterait pas \u00e0 une seule \u00e9dition.<\/p>\n\n\n\n<p>Au stade du Heysel, devenu par la suite le stade Roi Baudouin, l\u2019histoire de l\u2019athl\u00e9tisme s\u2019est \u00e9crite. Depuis 1977, pratiquement toutes les grandes figures de l\u2019athl\u00e9tisme international ont brill\u00e9 au M\u00e9morial. Le meeting est devenu une r\u00e9f\u00e9rence au plus haut niveau : meeting du Grand Prix IAAF \u00e0 partir de 1985, puis du Golden Four et de la Golden League, avant d\u2019int\u00e9grer la Diamond League en 2010.<\/p>\n\n\n\n<p>Le premier d\u2019une longue s\u00e9rie de records du monde y fut \u00e9tabli en 1981 par Sebastian Coe. En 1995, Maria Mutola signa le premier record du monde f\u00e9minin du M\u00e9morial. Des superstars comme Carl Lewis, Sergey Bubka, Yelena Isinbayeva, Usain Bolt et Mondo Duplantis ont \u00e9galement fait vibrer le stade. De nombreux champions belges y ont aussi v\u00e9cu des moments inoubliables, de Fons Brydenbach et William Van Dijck aux fr\u00e8res Borl\u00e9e, en passant par Tia Hellebaut, Kim Gevaert, Bashir Abdi, Nafi Thiam et bien d\u2019autres encore.<\/p>\n\n\n\n<p>Au cours des derni\u00e8res d\u00e9cennies, le M\u00e9morial n\u2019a pas seulement offert du spectacle sur la piste, mais aussi en dehors. Des artistes internationaux tels que Village People, Gloria Gaynor, Shaggy et Sean Paul ont enflamm\u00e9 le stade, tout comme des vedettes belges telles que Clouseau, Soulsister, Plastic Bertrand, Milk Inc. et Henri PFR.<\/p>\n\n\n\n<p>Cinquante ans apr\u00e8s sa premi\u00e8re \u00e9dition, le M\u00e9morial Van Damme demeure une v\u00e9ritable institution ; un \u00e9v\u00e9nement de dimension mondiale o\u00f9 performances sportives, spectacle et ambiance se renforcent mutuellement. Une formule gagnante qui perdure depuis 50 ans et qui, esp\u00e9rons-le, continuera d\u2019attirer de nombreuses g\u00e9n\u00e9rations de spectateurs au stade Roi Baudouin.<\/p>\n","protected":false},"excerpt":{"rendered":"<p>La premi\u00e8re \u00e9dition du M\u00e9morial Van Damme a eu lieu le 16 ao\u00fbt 1977. Ce qui avait commenc\u00e9...","protected":false},"author":92,"featured_media":0,"parent":4336,"menu_order":0,"comment_status":"closed","ping_status":"closed","template":"template-about.blade.php","meta":{"_acf_changed":false,"footnotes":""},"city":[],"class_list":["post-4683","page","type-page","status-publish","hentry"],"acf":[],"_links":{"self":[{"href":"https:\/\/brussels.diamondleague.com\/fr\/wp-json\/wp\/v2\/pages\/4683","targetHints":{"allow":["GET"]}}],"collection":[{"href":"https:\/\/brussels.diamondleague.com\/fr\/wp-json\/wp\/v2\/pages"}],"about":[{"href":"https:\/\/brussels.diamondleague.com\/fr\/wp-json\/wp\/v2\/types\/page"}],"author":[{"embeddable":true,"href":"https:\/\/brussels.diamondleague.com\/fr\/wp-json\/wp\/v2\/users\/92"}],"replies":[{"embeddable":true,"href":"https:\/\/brussels.diamondleague.com\/fr\/wp-json\/wp\/v2\/comments?post=4683"}],"version-history":[{"count":6,"href":"https:\/\/brussels.diamondleague.com\/fr\/wp-json\/wp\/v2\/pages\/4683\/revisions"}],"predecessor-version":[{"id":7187,"href":"https:\/\/brussels.diamondleague.com\/fr\/wp-json\/wp\/v2\/pages\/4683\/revisions\/7187"}],"up":[{"embeddable":true,"href":"https:\/\/brussels.diamondleague.com\/fr\/wp-json\/wp\/v2\/pages\/4336"}],"wp:attachment":[{"href":"https:\/\/brussels.diamondleague.com\/fr\/wp-json\/wp\/v2\/media?parent=4683"}],"wp:term":[{"taxonomy":"city","embeddable":true,"href":"https:\/\/brussels.diamondleague.com\/fr\/wp-json\/wp\/v2\/city?post=4683"}],"curies":[{"name":"wp","href":"https:\/\/api.w.org\/{rel}","templated":true}]}}

<h2 class="wp-block-heading"></h2>



<p><strong>La première édition du Mémorial Van Damme a eu lieu le 16 août 1977. Ce qui avait commencé comme un meeting commémoratif unique en hommage à une icône de l’athlétisme belge disparue beaucoup trop tôt est devenu l’un des événements d’athlétisme les plus prestigieux au monde.</strong></p>



<p>Avant même de remporter deux médailles olympiques à Montréal en 1976, Ivo Van Damme avait plaidé auprès de plusieurs journalistes belges en faveur de l’organisation d’un grand meeting international d’athlétisme à Bruxelles. Selon lui, les athlètes belges devaient eux aussi avoir la possibilité de se mesurer à l’élite mondiale devant leur propre public. L’idée a progressivement pris forme durant l’hiver 1975-1976, mais Ivo ne verra malheureusement jamais sa concrétisation.</p>



<p>Lors de ses funérailles, alors qu’Ivo était décédé le 29 décembre 1976 à l’âge de 22 ans dans un accident de la route, les initiateurs du projet se retrouvèrent à nouveau. Ils décidèrent d’organiser un meeting commémoratif unique en son honneur. Cette première soirée, au stade du Heysel de l’époque, le 16 août 1977, dépassa toutes les attentes. Les tribunes se remplirent, l’ambiance fut exceptionnelle et les athlètes se surpassèrent pour Ivo. Il devint rapidement évident que l’aventure ne s’arrêterait pas à une seule édition.</p>



<p>Au stade du Heysel, devenu par la suite le stade Roi Baudouin, l’histoire de l’athlétisme s’est écrite. Depuis 1977, pratiquement toutes les grandes figures de l’athlétisme international ont brillé au Mémorial. Le meeting est devenu une référence au plus haut niveau : meeting du Grand Prix IAAF à partir de 1985, puis du Golden Four et de la Golden League, avant d’intégrer la Diamond League en 2010.</p>



<p>Le premier d’une longue série de records du monde y fut établi en 1981 par Sebastian Coe. En 1995, Maria Mutola signa le premier record du monde féminin du Mémorial. Des superstars comme Carl Lewis, Sergey Bubka, Yelena Isinbayeva, Usain Bolt et Mondo Duplantis ont également fait vibrer le stade. De nombreux champions belges y ont aussi vécu des moments inoubliables, de Fons Brydenbach et William Van Dijck aux frères Borlée, en passant par Tia Hellebaut, Kim Gevaert, Bashir Abdi, Nafi Thiam et bien d’autres encore.</p>



<p>Au cours des dernières décennies, le Mémorial n’a pas seulement offert du spectacle sur la piste, mais aussi en dehors. Des artistes internationaux tels que Village People, Gloria Gaynor, Shaggy et Sean Paul ont enflammé le stade, tout comme des vedettes belges telles que Clouseau, Soulsister, Plastic Bertrand, Milk Inc. et Henri PFR.</p>



<p>Cinquante ans après sa première édition, le Mémorial Van Damme demeure une véritable institution ; un événement de dimension mondiale où performances sportives, spectacle et ambiance se renforcent mutuellement. Une formule gagnante qui perdure depuis 50 ans et qui, espérons-le, continuera d’attirer de nombreuses générations de spectateurs au stade Roi Baudouin.</p>

<p>La première édition du Mémorial Van Damme a eu lieu le 16 août 1977. Ce qui avait commencé...
